{"id":1980,"date":"2016-04-05T18:22:56","date_gmt":"2016-04-05T16:22:56","guid":{"rendered":"http:\/\/ra-domanski.de\/page\/?page_id=1980"},"modified":"2019-01-27T21:01:19","modified_gmt":"2019-01-27T19:01:19","slug":"online-scheidung","status":"publish","type":"page","link":"https:\/\/ra-domanski.de\/page\/online-scheidung\/","title":{"rendered":"Online-Scheidung"},"content":{"rendered":"<p>Erteilen Sie komfortabel den Auftrag f\u00fcr Ihre Scheidung \u00fcber das Internet. Durch diese Art der Beauftragung k\u00f6nnen Sie an jedem Tag der Woche und zu jeder Uhrzeit online veranlassen, dass Ihr Scheidungsantrag bei dem f\u00fcr Sie zust\u00e4ndigen Familiengericht eingereicht wird. Ob eine Online-Scheidung auch f\u00fcr Sie geeignet ist, muss individuell beurteilt werden. F\u00fcr ein unverbindliches Informationsgespr\u00e4ch stehe ich Ihnen gerne telefonisch zur Verf\u00fcgung.<\/p>\n<p>&nbsp;<\/p>\n<p><strong>Was bedeutet Scheidung Online?<\/strong><br \/>\nEine Online-Scheidung ist keine neuartige Form, um sich scheiden zu lassen. Eine Scheidung \u00fcber das Internet oder eine Scheidung ohne Anwalt ist rechtlich nicht m\u00f6glich. Dank des Internets besteht jedoch die M\u00f6glichkeit, die Scheidung komplett online zu beauftragen. Lediglich den eigentlichen Scheidungstermin beim Familiengericht m\u00fcssen beide Eheleute pers\u00f6nlich wahrnehmen, da die Beteiligten grunds\u00e4tzlich durch das Gericht pers\u00f6nlich anzuh\u00f6ren sind.<\/p>\n<p>&nbsp;<\/p>\n<p><strong>Was kostet eine Online-Scheidung?<\/strong><br \/>\nDie Kosten einer Ehescheidung ergeben sich aus dem Rechtsanwaltsverg\u00fctungsgesetz (RVG) und aus dem Gesetz \u00fcber Gerichtskosten in Familiensachen (FamGKG). Die Unterschreitung der gesetzlichen Verg\u00fctung und der Gerichtskosten ist nicht zul\u00e4ssig. Jeder zus\u00e4tzliche Streitpunkt (Unterhalt, Zugewinnausgleich, Sorgerecht f\u00fcr die Kinder, Regelung des Umgangsrechts, Versorgungsausgleich) l\u00f6st zus\u00e4tzliche Kosten aus. Wer &#8222;Hartz 4&#8220; bezieht, bekommt die Scheidung faktisch umsonst, weil insoweit regelm\u00e4\u00dfig die Voraussetzungen f\u00fcr die Gew\u00e4hrung von Verfahrenskostenhilfe vorliegen.<\/p>\n<p>&nbsp;<\/p>\n<p><strong>Ablauf der Online-Scheidung<br \/>\n<\/strong>Nach \u00dcbersendung des Formulars f\u00fcr Ihre Scheidung Online wird der Scheidungsantrag f\u00fcr Sie beim zust\u00e4ndigen Familiengericht eingereicht. Nur einmal m\u00fcssen Scheidungswillige das Haus verlassen, f\u00fcr den eigentlichen Termin bei Gericht. Details zum Ablauf finden sie unter anderem im <a href=\"https:\/\/www.justiz.nrw.de\/nrwe\/olgs\/hamm\/j2013\/4_U_162_12_Urteil_20130307.html\" target=\"_blank\" rel=\"noopener\">Urteil des OLG Hamm, 4 U 162\/12<\/a>.<\/p>\n<p>&nbsp;<\/p>\n<p><strong>Vorteile der Online-Scheidung<\/strong><br \/>\nBei einer Online-Scheidung beauftragen Sie den Anwalt per Online-Formular, E-Mail, Post, Fax oder Telefon mit der Durchf\u00fchrung Ihres Scheidungsverfahrens, wodurch Sie sich Zeit und Aufwand sparen, indem ohne aufwendige Terminvereinbarung eine Beauftragung mittels moderner Kommunikationsmittel online stattfindet und nur wenige Tage danach eine Einreichung Ihres Scheidungsantrages beim Familiengericht erfolgt. Die Online-Scheidung ist besonders geeignet f\u00fcr<\/p>\n<ul>\n<li>einvernehmliche Scheidungen<\/li>\n<li>einvernehmliche Aufhebungen von Lebenspartnerschaften<\/li>\n<li>Kurzehen<\/li>\n<li>Ehen ohne Kinder<\/li>\n<li>wenn der Antragsteller im Ausland wohnt und nicht extra f\u00fcr die Beauftragung eines Rechtsanwaltes anreisen m\u00f6chte<\/li>\n<\/ul>\n<p>Bei Streitpunkten sollten Sie anwaltlichen Rat einholen. Auch bei der Online-Scheidung werden Sie pers\u00f6nlich betreut und haben nat\u00fcrlich die M\u00f6glichkeit, sich telefonisch, pers\u00f6nlich oder per E-Mail an mich zu wenden und individuellen Rat einzuholen.<\/p>\n<p>&nbsp;<\/p>\n<p><strong>Formulare:<\/strong><br \/>\n<a href=\"https:\/\/ra-domanski.de\/download\/Scheidungsantrag.pdf\" target=\"_blank\" rel=\"noopener\">Scheidungsantrag<\/a><br \/>\n<a href=\"https:\/\/ra-domanski.de\/download\/Anwaltsgeb%C3%BChren.pdf\" target=\"_blank\" rel=\"noopener\">Anwaltsgeb\u00fchren<\/a><br \/>\n<a href=\"http:\/\/www.justiz.de\/formulare\/zwi_bund\/versorgungsausgleichfragebogen.pdf\" target=\"_blank\" rel=\"noopener\">Versorgungsausgleich<\/a><br \/>\n<a href=\"https:\/\/ra-domanski.de\/download\/Widerrufsbelehrung.pdf\" target=\"_blank\" rel=\"noopener\">Widerrufsbelehrung<\/a><br \/>\nSofern Verfahrenskostenhilfe beantragt werden soll: <a href=\"http:\/\/www.justiz.de\/formulare\/zwi_bund\/zp1a.pdf\" target=\"_blank\" rel=\"noopener\">Erkl\u00e4rung \u00fcber die pers\u00f6nlichen und wirtschaftlichen Verh\u00e4ltnisse<\/a><\/p>\n<p>PDF-Dateien k\u00f6nnen Sie mit dem <a href=\"https:\/\/get.adobe.com\/reader\/\" target=\"_blank\" rel=\"noopener\">Acrobat Reader<\/a> \u00f6ffnen.<\/p>\n","protected":false},"excerpt":{"rendered":"<p>Erteilen Sie komfortabel den Auftrag f\u00fcr Ihre Scheidung \u00fcber das Internet. Durch diese Art der Beauftragung k\u00f6nnen Sie an jedem Tag der Woche und zu jeder Uhrzeit online veranlassen, dass Ihr Scheidungsantrag bei dem f\u00fcr Sie zust\u00e4ndigen Familiengericht eingereicht wird. Ob eine Online-Scheidung auch f\u00fcr Sie geeignet ist, muss individuell beurteilt werden. F\u00fcr ein unverbindliches<span class=\"excerpt-more\"> [&#8230;]<\/span><\/p>\n","protected":false},"author":1,"featured_media":0,"parent":0,"menu_order":0,"comment_status":"closed","ping_status":"closed","template":"","meta":{"slim_seo":{"title":"Online-Scheidung - Rechtsanwalt Markus Domanski","description":"Erteilen Sie komfortabel den Auftrag f\u00fcr Ihre Scheidung \u00fcber das Internet. Durch diese Art der Beauftragung k\u00f6nnen Sie an jedem Tag der Woche und zu jeder Uhrze"},"footnotes":""},"class_list":["post-1980","page","type-page","status-publish","hentry"],"_links":{"self":[{"href":"https:\/\/ra-domanski.de\/page\/wp-json\/wp\/v2\/pages\/1980","targetHints":{"allow":["GET"]}}],"collection":[{"href":"https:\/\/ra-domanski.de\/page\/wp-json\/wp\/v2\/pages"}],"about":[{"href":"https:\/\/ra-domanski.de\/page\/wp-json\/wp\/v2\/types\/page"}],"author":[{"embeddable":true,"href":"https:\/\/ra-domanski.de\/page\/wp-json\/wp\/v2\/users\/1"}],"replies":[{"embeddable":true,"href":"https:\/\/ra-domanski.de\/page\/wp-json\/wp\/v2\/comments?post=1980"}],"version-history":[{"count":0,"href":"https:\/\/ra-domanski.de\/page\/wp-json\/wp\/v2\/pages\/1980\/revisions"}],"wp:attachment":[{"href":"https:\/\/ra-domanski.de\/page\/wp-json\/wp\/v2\/media?parent=1980"}],"curies":[{"name":"wp","href":"https:\/\/api.w.org\/{rel}","templated":true}]}}